{"id":12,"date":"2024-02-25T09:23:01","date_gmt":"2024-02-25T09:23:01","guid":{"rendered":"https:\/\/patrycjatruszkowska.pl\/?page_id=12"},"modified":"2025-02-16T18:36:16","modified_gmt":"2025-02-16T18:36:16","slug":"o-mnie","status":"publish","type":"page","link":"https:\/\/patrycjatruszkowska.pl\/index.php\/o-mnie\/","title":{"rendered":"O mnie"},"content":{"rendered":"\n<div class=\"wp-block-media-text is-stacked-on-mobile\"><figure class=\"wp-block-media-text__media\"><img loading=\"lazy\" decoding=\"async\" width=\"1024\" height=\"1024\" src=\"http:\/\/patrycjatruszkowska.pl\/wp-content\/uploads\/2024\/02\/PT-1024x1024.png\" alt=\"\" class=\"wp-image-133 size-full\" srcset=\"https:\/\/patrycjatruszkowska.pl\/wp-content\/uploads\/2024\/02\/PT-1024x1024.png 1024w, https:\/\/patrycjatruszkowska.pl\/wp-content\/uploads\/2024\/02\/PT-300x300.png 300w, https:\/\/patrycjatruszkowska.pl\/wp-content\/uploads\/2024\/02\/PT-150x150.png 150w, https:\/\/patrycjatruszkowska.pl\/wp-content\/uploads\/2024\/02\/PT-768x768.png 768w, https:\/\/patrycjatruszkowska.pl\/wp-content\/uploads\/2024\/02\/PT-500x500.png 500w, https:\/\/patrycjatruszkowska.pl\/wp-content\/uploads\/2024\/02\/PT-800x800.png 800w, https:\/\/patrycjatruszkowska.pl\/wp-content\/uploads\/2024\/02\/PT-100x100.png 100w, https:\/\/patrycjatruszkowska.pl\/wp-content\/uploads\/2024\/02\/PT.png 1080w\" sizes=\"auto, (max-width: 767px) 89vw, (max-width: 1000px) 54vw, (max-width: 1071px) 543px, 580px\" \/><\/figure><div class=\"wp-block-media-text__content\">\n<p><strong>Patrycja Truszkowska<\/strong>\u00a0\u2013 arteterapeutka i moderatorka design thinking. Wielbicielka kreatywnego my\u015blenia oraz fantazyjnego dekorowania ciastek i wypiek\u00f3w. Z wykszta\u0142cenia jest socjolo\u017ck\u0105, kt\u00f3rej bliskie s\u0105 warto\u015bci wspierania ludzi w sytuacjach trudnych i kryzysowych. Interesuje si\u0119 g\u0142\u0119bok\u0105 prac\u0105 z lud\u017ami w oparciu o kontakt z w\u0142asn\u0105 \u015bwiadomo\u015bci\u0105 i intuicj\u0105. Praktykuje Flamenco i Taniec Intuicyjny.<\/p>\n<\/div><\/div>\n","protected":false},"excerpt":{"rendered":"<p>Patrycja Truszkowska\u00a0\u2013 arteterapeutka i moderatorka design thinking. Wielbicielka kreatywnego my\u015blenia oraz fantazyjnego dekorowania ciastek i wypiek\u00f3w. Z wykszta\u0142cenia jest socjolo\u017ck\u0105, kt\u00f3rej bliskie s\u0105 warto\u015bci wspierania ludzi w sytuacjach trudnych i kryzysowych. Interesuje si\u0119 g\u0142\u0119bok\u0105 prac\u0105 z lud\u017ami w oparciu o kontakt z w\u0142asn\u0105 \u015bwiadomo\u015bci\u0105 i intuicj\u0105. Praktykuje Flamenco i Taniec Intuicyjny.<\/p>\n","protected":false},"author":1,"featured_media":0,"parent":0,"menu_order":0,"comment_status":"closed","ping_status":"closed","template":"","meta":{"footnotes":""},"class_list":["post-12","page","type-page","status-publish","hentry"],"_links":{"self":[{"href":"https:\/\/patrycjatruszkowska.pl\/index.php\/wp-json\/wp\/v2\/pages\/12","targetHints":{"allow":["GET"]}}],"collection":[{"href":"https:\/\/patrycjatruszkowska.pl\/index.php\/wp-json\/wp\/v2\/pages"}],"about":[{"href":"https:\/\/patrycjatruszkowska.pl\/index.php\/wp-json\/wp\/v2\/types\/page"}],"author":[{"embeddable":true,"href":"https:\/\/patrycjatruszkowska.pl\/index.php\/wp-json\/wp\/v2\/users\/1"}],"replies":[{"embeddable":true,"href":"https:\/\/patrycjatruszkowska.pl\/index.php\/wp-json\/wp\/v2\/comments?post=12"}],"version-history":[{"count":8,"href":"https:\/\/patrycjatruszkowska.pl\/index.php\/wp-json\/wp\/v2\/pages\/12\/revisions"}],"predecessor-version":[{"id":314,"href":"https:\/\/patrycjatruszkowska.pl\/index.php\/wp-json\/wp\/v2\/pages\/12\/revisions\/314"}],"wp:attachment":[{"href":"https:\/\/patrycjatruszkowska.pl\/index.php\/wp-json\/wp\/v2\/media?parent=12"}],"curies":[{"name":"wp","href":"https:\/\/api.w.org\/{rel}","templated":true}]}}